6*r**3 - 9*r**2 - r + 6. Let l(m) = t(m) - x(m). Let j(n) = -n**3 + n**2 - 1. Let c(g) = -5*j(g) + l(g). Calculate c(5).
8
Let q(i) = 3 - 2 - 1 + i. Suppose -3*r + r - 12 = 0. Let o be 5/(-2)*r/5. Determine q(o).
3
Let n(f) be the first derivative of 1/2*f**2 - 1 - 2*f + 5/6*f**3. Let h(r) be the first derivative of n(r). Determine h(-2).
-9
Let x(s) = -s + 9. Suppose 0 = 2*p + 3*p - 45. Let y be ((-3)/p)/(2/(-24)). What is x(y)?
5
Suppose -4*m = -3*o - 3, -2*m - 4*o = -0*o - 18. Let v(t) = 3*t. What is v(m)?
9
Suppose -2*u + 11 = u - 4*t, -5*u + 26 = t. Let m(h) = -4*h + 1 + u*h + 2*h + 0. What is m(-2)?
-5
Let a be (-1 - 0)*(-22)/(-2). Let d = a + 15. Suppose -w = d*w + 5. Let r(g) = -3*g**3 - 2*g - 1. Calculate r(w).
4
Let x(f) be the second derivative of f**5/20 + 11*f**4/12 - f**3/6 - 11*f**2/2 - 12*f. Determine x(-11).
0
Suppose -5*d + 0*d = -3*a + 4, -5*a = 3*d + 16. Let l = 1 - 3. Let u = d + l. Let r(t) = t + 5. Determine r(u).
1
Let d(r) = -2*r - 6 + 6*r + r. Suppose -3*m = 0, 0 = -4*v + 3*v - 4*m + 8. Let h(w) = 3*w - 4. Let y(l) = v*h(l) - 5*d(l). What is y(2)?
-4
Let s be (-10)/4 - 3/6. Let y = -1 - s. Let z(o) = 0*o**2 - 2*o + y*o**2 + 2 + o**3 + o + 4*o. Calculate z(-2).
-4
Let g(c) = 14*c + 26 + 17*c - 32*c - 8. Give g(10).
8
Suppose 0 = v - 7*v - 36. Let f(x) = x + 3. Determine f(v).
-3
Suppose 7*c - 8*c = -19. Suppose -c = -d - 5*s, -4*d + 3 = -5*s + 2. Let t(o) = o**2 - 4*o + 5. What is t(d)?
5
Let l(x) = 2*x**3 + 5*x**2 - 5. Let h(k) = -3*k**3 - 9*k**2 - k + 9. Let c(t) = -3*h(t) - 5*l(t). Determine c(3).
-2
Let b(h) = -h**3 + 2*h**2 + 2*h + 3. Let j = -112 + 115. Determine b(j).
0
Let g(o) = o - 1. Let k be g(-6). Let a(s) = 7*s - 2. Let v(u) = -8*u + 3. Let p = -19 - -13. Let j(l) = k*a(l) + p*v(l). Give j(0).
-4
Let b(v) be the first derivative of v**4/4 - 2*v**3 + 5*v**2/2 + 36. What is b(5)?
0
Let v(w) = w**2 - 15*w + 33. Let o be v(12). Let x(g) = -g**2 - g - 2. What is x(o)?
-8
Let n(s) = -2*s**3 + 2*s**2 + s + 2. Let a(x) = -13*x**2 - x. Let g be a(-1). Let z = 21 + g. Suppose -3 + z = 3*c. Determine n(c).
-4
Let h(i) = -i**3 + 12*i**2 + 9*i - 5. Let t(a) = -3*a**3 + 35*a**2 + 27*a - 16. Let z(k) = -11*h(k) + 4*t(k). Determine z(9).
-9
Suppose -o - 25 = -6*o. Suppose 0 = o*m + 1 - 11. Let y(s) = 2 - 7*s + m*s**2 - 9 - 3*s**2. Calculate y(-5).
3
Suppose z = 6*z - 10. Let g(m) = 0*m - 5*m - 1 - 1 + 5*m**z + 3. Let x(t) = -t**2 + t. Let f(y) = -g(y) - 6*x(y). Determine f(-2).
5
Let j(s) = s + 8. Suppose 0*g + 8 = 2*v - 4*g, 3*v = 3*g - 3. What is j(v)?
2
Let d(q) = q + 2. Let m be 8/10*(-35)/2. Let x = -8 - m. Let n be (-16)/x*(-6)/4. Determine d(n).
6
Let m(b) = b. Let n(y) = 2*y + 10. Let x be n(-7). Let t be m(x). Let u(i) = i**3 + 4*i**2 - 2*i - 3. Give u(t).
5
Let d(j) be the second derivative of -j**4/12 + 4*j**3/3 - 3*j**2 + 4*j. Calculate d(6).
6
Let w(q) = -q + 1. Let n(h) = -2*h + 19. Let x be n(11). Calculate w(x).
4
Let i(q) = q**3 + 2*q**2 - 4*q + 1. Let j(r) = -r + 3. Let u be j(0). Suppose o = 2*o - u. Let m = o + -6. Determine i(m).
4
Suppose b = -0*b + 44. Let i(s) = 26 - s + 3*s**2 - s**3 + 22 - b. Determine i(3).
1
Let u(t) be the third derivative of -t**4/12 + t**3/6 - 2*t**2. Let n be (-11)/5 + (-6)/(-30). Give u(n).
5
Let a(k) be the third derivative of -k**6/120 - k**5/15 + k**4/24 - k**3/3 - 17*k**2. Determine a(-4).
-6
Let q(a) = -a - 1. Let g(n) = 4*n + 6. Let c(d) = -g(d) - 3*q(d). Give c(6).
-9
Suppose 0 = -0*y + y + 6. Let s(p) = -p - 2. Let c be s(y). Let g(k) = k**3 - 5*k**2 + 4*k - 5. Determine g(c).
-5
Let q(u) = u**2 - 4*u. Let z(m) be the first derivative of m**3/3 + 2*m**2 - 3. Let p be z(-5). What is q(p)?
5
Suppose 0 = 4*j + 7 - 23. Let y(c) = -c - 1. Give y(j).
-5
Let j(w) = -w**3 - 3*w**2 - 2*w - 4. Let g be j(-3). Let d(k) = 3 - g - 3*k + 5*k - k. Calculate d(1).
2
Let d(q) = -4*q + 5. Let y be 3 + -4 - (3 + 4*-2). Determine d(y).
-11
Suppose 2*t - 6 - 2 = 0. Suppose 2 = -t*d + 14. Let r(p) = 2*p**2 - 4*p. What is r(d)?
6
Suppose 0 = -2*p + 2*i + 2, 0*i + i + 13 = -2*p. Let k(n) = n**2 + 3*n - 2. Let y be k(p). Let h(s) = 2*s**2 + 3*s**y - 2*s**2 - s. Determine h(-1).
4
Let v(b) = -8*b + 9*b - 7*b. Let d(l) = 4*l**2 - l + 4. Let a(k) = -k**2 - k - 1. Let h(u) = 5*a(u) + d(u). Let c be h(-6). What is v(c)?
6
Let o(b) be the second derivative of b**5/20 - 5*b**4/12 + b**3 - b**2/2 - 14*b. What is o(4)?
7
Let h(u) = -10*u + 2 - 3 + 17*u - 5*u. Determine h(5).
9
Let s(g) = g**3 - 14*g**2 - 3. Let z be s(14). Let h = 7 - 5. Let d(a) = -4*a**2 - a + 4 + 0 + 3*a**h. What is d(z)?
-2
Let r(z) = -20*z**2 + 8*z + 13*z**2 - z + z**3. Calculate r(6).
6
Let j(v) = v**3 + 3*v**2 + 2*v. Suppose 3*l - 2*r + 3 = 21, 8 = -l - 4*r. Let h = 10 - l. Suppose 0 = 2*b + h - 0. Give j(b).
-6
Suppose 2*v - 5*x = 57, 2*v + 2 = -4*x + 68. Let l(o) = v - 4*o + 4*o + 6*o. Let h(f) = -f - 6. Let b(a) = -11*h(a) - 2*l(a). Calculate b(-3).
7
Suppose -r = m + 4*m, -2*r - m = 9. Let j(u) = u**2 + 4*u. Determine j(r).
5
Let m be 3/(3/6*1). Let y(u) = u**3 - 7*u**2 + 6*u + 6. Calculate y(m).
6
Let v(o) = o**3 + 4*o**2 - 5*o + 1. Suppose -2*j + 13 = d, -3*d = 2*d - 15. Let k be 2/j*(10 - 0). Let g be 1 - k - (-2)/(-1). Calculate v(g).
1
Suppose -v = 3*v + 20. Let g(r) = r**3 + 6*r**2 + 6*r - 3. Calculate g(v).
-8
Suppose y = -y. Suppose -3*o + 10 = -o. Let z(l) = -l**2 - 2 - l**3 + o - 5. Determine z(y).
-2
Let d be (8/(-12))/((-6)/45). Let a(s) = -s**2 + 3*s + 5. Give a(d).
-5
Let j = -11 + 5. Let n be (-8)/j*3/2. Let u(k) = -1 + k + 2*k**n - 4*k**3 + 4*k**3 + 0 - k**3. Give u(2).
1
Let u(q) = -6*q**2 + q. Let y = 2 + 6. Let x(v) = -9*v**2 + 2*v. Let h(w) = y*u(w) - 5*x(w). Suppose 6 = 4*z - 7*z. Determine h(z).
-8
Let x(o) be the third derivative of o**6/180 - o**4/24 - o**3/6 - o**2. Let l(h) be the first derivative of x(h). Suppose s + 71 - 72 = 0. Calculate l(s).
1
Let n(h) = h**2 - 2*h + 5. Let g be n(4). Let x = g - 18. Let o(t) = -2 + 3*t**3 - 5*t**2 - 3*t**3 - t**3 - t. Give o(x).
3
Let m(v) be the second derivative of -2*v**3/3 - 2*v. Let h = 4 + -5. Give m(h).
4
Let c(a) = -a. Let f(x) be the third derivative of -x**4/24 - 5*x**3/6 + 9*x**2. Suppose 4*g + 15 = 5*s, -g + s + 15 = -2*g. Let w be f(g). Determine c(w).
-5
Suppose 2*j + 11 = -n, -4*j - 5 - 5 = -2*n. Let u(t) = t**3 + 5*t**2 + 6*t + 1. What is u(j)?
-7
Let k(y) = -y**3 + y**2 + y + 3. Let b(j) = j**3 - 2. Let i(l) = -5*b(l) - 4*k(l). Determine i(-2).
-2
Suppose -2*q = -3*q - 5. Suppose -5*v + 5*m + 35 = 0, 0 = 5*m + 7 + 13. Let o(p) = 2*p**3 + 0*p**v + 4*p + 6*p**2 - p**3 - 6. Calculate o(q).
-1
Let t(s) be the second derivative of 0 - 1/20*s**5 - s + s**2 - 1/2*s**3 + 1/6*s**4. Determine t(2).
-4
Let p(d) = d**3 + 4*d**2 - 7*d - 2. Let h be p(-5). Let z be (h + -7)/(2/(-4)). Let u(o) = -2*o**2 - 2*o + 2. Determine u(z).
-2
Suppose -12*l + 15 = -7*l. Let t(j) = 2*j**2 + 2*j - 2. Give t(l).
22
Let i be 3/4 + (-6)/8. Suppose -5*t + 26 = 2*h - 6*h, -4*t + 3*h + 20 = i. Let g(r) = -3*r**2 + 2*r + 1. Determine g(t).
-7
Let x(t) be the second derivative of 5*t**3/6 - t**2/2 + 9*t. Determine x(-1).
-6
Let x(k) = -2*k**3 + 461*k**2 - 464*k**2 + 1 - k**3. Determine x(-2).
13
Let r(i) = -i**2 + 4*i - 3. Let m(d) = 2*d**2 - 7*d + 5. Let w(x) = -6*m(x) - 11*r(x). What is w(2)?
-5
Let v(c) = -c**3 - 3*c**2 - c + 2. Let s be v(-3). Let u(w) be the second derivative of -w**3/2 + 2*w**2 + 17*w. Calculate u(s).
-11
Let r(n) = -9*n**2 + 3*n + 4. Let k(h) = 1 - 3*h - h**2 + 0*h**2 + 4*h. Let b(q) = 6*k(q) - r(q). Give b(-2).
8
Let i = -7 + 8. Let a(r) = 2*r + 1. Let t be a(i). Let y(f) = 7*f + 1 - f + 0*f - 4*f**2 - f**t. Determine y(-5).
-4
Let d(u) be the second derivative of 0 + 2*u + 2/3*u**3 + 5/2*u**2 - 1/12*u**4. Suppose 5*j = -4*q + 4, 5*q + 40 = -j + 6*j. Determine d(j).
5
Let d = -8 + 11. Let q(v) = 4*v + 2. Let w(m) = 7*m + 3. Let p(r) = d*w(r) - 5*q(r). Give p(3).
2
Let f(k) = k**3 + 4*k**2 + k - 1. Let t = -9 - -11. Suppose -t*b - 15 = 3*b. Give f(b).
5
Let a(d) = -d**3 - 4*d**2 - 2*d - 4. Suppose -s + 6 = -3*s. Determine a(s).
-7
Let j be 2/(-6) + 21/9. Let o(y) = y + j*y - 5 - y. Calculate o(5).
5
Let h(d) = 7*d**3 - 7*d**2 + 1. Let j(t) be the first derivative of 10/3*t**3 - 2*t - 2 - 5/2*t**4 + 0*t**2. Let z(r) = -7*h(r) - 5*j(r). Give z(0).